*s**c - 1/12*s**5 + 1/2*s**3. Calculate h(-5).
-7
Let w(z) = -86 + 47 - z + 6*z**3 + 40. Determine w(1).
6
Let m(l) = l**2 + 10*l - 17. Let u be m(-11). Let c(k) = 8*k - 23*k + 4 - 7*k**2 - k**3 - 1 + 7*k. What is c(u)?
15
Let n be -6 - (2 + -10 - -17). Let i(q) = -q - 30. Calculate i(n).
-15
Let p(y) = y**3 - y**2 - y + 1. Let l be p(0). Let z(b) = b - 4 + 1 + 0 - l. What is z(-3)?
-7
Let k(y) = -y**3 + 2*y**2 + 4*y - 3. Let j = -61 + 112. Let z = -48 + j. What is k(z)?
0
Let j be (-6 - 2) + 1 + -2. Let z(o) = o + 9. Give z(j).
0
Let v(o) = -o**2 + o + 2. Suppose 3*p + w = 36, -11 = -2*p - 3*w + 13. Suppose -p = 3*q + q. Give v(q).
-10
Let x be 8/(-12) - (-14)/3. Suppose -x*y + 4 = -24. Suppose y*b - 6*b + 1 = 0. Let h(t) = 3*t**2 + t. Determine h(b).
2
Let o(b) = 3*b - 12. Let a be o(11). Let y = a - 29. Let x(t) = -t - 13. What is x(y)?
-5
Let q be (-6)/(-21) - 38/(-14). Suppose -2 = -q*c + 1. Let t(k) = 12*k**3 + k - 1. Determine t(c).
12
Let w(p) = -p**3 - 6*p**2 + 10*p + 1. Let i = -110 + 103. What is w(i)?
-20
Let m(f) = -f + 10. Let t(b) be the first derivative of b**2/2 + 6*b + 1. Let a be t(-6). Give m(a).
10
Let y(k) = -k**2 + 6*k + 5. Let f(i) = i + 3. Let r be 5/10*(-2)/1. Let w be f(r). Suppose -o + 8 = g - w*o, 0 = -5*g - o + 34. Determine y(g).
-2
Let l(i) = 2*i**2 + 79*i - 38. Let t be l(-40). Let k(w) = w**2 - w + 1. Calculate k(t).
3
Let x(r) = -r**3 - 6*r**2 - 4*r + 6. Let b be (0 - 2) + 3/(-1)*1. Let d be x(b). Let t(h) = 17*h**3 + h. Give t(d).
18
Let x(q) = -q**3 + 6*q**2 - 2. Let r = -88 + 84. Let d be 3 - (0 - ((-2 - r) + 1)). What is x(d)?
-2
Let w(k) be the first derivative of -k**3 + k**2 - k + 2965. Suppose -4*f + 0 = -4. Give w(f).
-2
Let h(w) = 2*w**3 - 18*w**2 - 5*w - 3. Let d(m) = -3*m**3 + 27*m**2 + 8*m + 5. Let a(k) = -5*d(k) - 8*h(k). What is a(9)?
-1
Let g(h) = -7 + h**3 - 21*h**2 - 2*h**3 - h + 33*h**2 - 5 - 9*h. Calculate g(11).
-1
Let o(q) = 1 - 37*q**2 + 0*q + 70*q**2 - 4*q - 28*q**2 + q - q**3. Calculate o(2).
7
Suppose -j = j + 4. Let z(a) = 2*a**3 + 4*a**2 + 2*a. Let n be z(j). Let u(h) = h**2 + 3*h + 1. Let k be u(n). Let o(s) = -s**2 + 5*s + 6. Give o(k).
6
Suppose 2863*c = 2858*c - 15. Let i(o) = -o**2 - 3*o - 1. Give i(c).
-1
Suppose -x + 6 = 2. Let z(r) = r**3 - 5*r**2 + 11. Give z(x).
-5
Suppose 4*d - 16 = -2*v, -4*d = -0*v - v - 10. Let a(i) = -3*i**2 + 2*i - 3. Calculate a(v).
-11
Let p(d) = d + 4. Let l(o) = o + 4. Let s(a) = 3*l(a) - 2*p(a). Suppose 6 = -2*g - 0*g. Let r = g + -1. What is s(r)?
0
Let n(p) = 10*p - 10. Suppose -4*f = 2*c - 2, -256 = -3*c + 4*f - 223. Calculate n(c).
60
Let h = -465/14 + 243/7. Let p(b) be the second derivative of 0 + h*b**2 - 10*b - 1/6*b**3. Determine p(3).
0
Let z(o) = 3*o - 2. Suppose 5*h - p = 16, -4*h = -0*h + p - 11. Calculate z(h).
7
Let v(r) be the second derivative of 2*r**3/3 + 10*r**2 - 229*r. Give v(-5).
0
Let y(g) = -23*g**3 - 2*g**2 + 2*g + 11. Let r(k) = -6*k**3 + 2*k**2 - k**2 - 2*k**2 + k - 9*k**3 + 7. Let l(f) = 8*r(f) - 5*y(f). Give l(1).
-4
Let d(a) = -2*a**2 + 7*a + 2. Let g(j) = 2*j - 3. Suppose 4*s + 34 + 18 = 0. Let l = -9 - s. Let f be g(l). What is d(f)?
-13
Let a(k) = 2*k - 4. Let z(y) = y**3 - 12*y**2 + 20*y + 10. Let l be z(10). Give a(l).
16
Let q be (-5 - (-315)/(-6))*(-4)/5. Let x(s) = -3*s**2 + s - 23 - 21 - 3*s**3 + q. What is x(-2)?
12
Let k = -12 - -15. Suppose -4*f - x + 23 = 0, -4*f = -7*x + k*x - 28. Let m(s) = s**2 - 8*s + 6. Determine m(f).
-6
Let h = -128 - -128. Suppose 10*p - 14*p - 4 = h. Let l(k) = 7*k**2 + 2*k + 1. What is l(p)?
6
Let r(w) = 3*w**2 + 5*w - 4 - 2*w**2 + 0*w**2 - 11*w. Calculate r(8).
12
Suppose -2*p + 10 + 2 = 0. Let g(r) = -4 - 4 - r + p + 1. Determine g(1).
-2
Let q = 6 - 6. Suppose q*v = -5*v. Let d(g) be the first derivative of g**4/4 + 5*g - 120. Calculate d(v).
5
Let i(v) = -7*v + 50 + 50 - 140 + 43. Give i(5).
-32
Suppose -5*u - 32 = 4*q, 1 = -2*u - 3*q - 9. Let o(k) = -k**3 - 7*k**2 + 6*k - 12. Determine o(u).
4
Suppose -5*a + 21 = 1. Let q(g) = -g**2 - 1. Let j(u) = -166 + u + 166. Let t(d) = -6*j(d) - q(d). Determine t(a).
-7
Let z be ((-2)/10)/(-7 - (-145)/25). Let h(f) be the second derivative of -1/6*f**4 - 1/2*f**2 + 3/20*f**5 + 0 + 3*f - z*f**3. Give h(2).
13
Let t(x) = -17*x**2 + x + 0*x - 2*x. Suppose 17 - 11 = -3*a. Let w be a + -2 - (4 - 6 - 1). Calculate t(w).
-16
Let i = 19 - 16. Suppose -k = i*k. Let g(c) = -5*c**3 - c**2 + c - 4. Let m(h) = -6*h**3 - h**2 + h - 4. Let x(q) = 5*g(q) - 4*m(q). Determine x(k).
-4
Let q(y) be the third derivative of -1/24*y**4 + 1/3*y**3 + 0 - 12*y**2 + 0*y. Calculate q(0).
2
Suppose 0 = 4*g + g. Suppose g = 5*c - x - 36, x + 9 = 3*c - 11. Let m be (-6)/c + (-36)/16. Let n(d) = -d - 4. Calculate n(m).
-1
Let t(b) = b**2 + 3*b - 6. Let v be t(4). Let j = 15 - v. Let f(c) = -c - 2. Determine f(j).
5
Let w(r) = r**2 + 6*r + 1. Let b be (-48)/(-2) + (2 - 3). Suppose 22 + b = 5*l. Let g be 4/(-3)*l/2. What is w(g)?
1
Let w(y) = y**2 - 4*y - 8. Let v(o) = 2*o**2 - 8*o - 15. Let m(i) = 4*v(i) - 7*w(i). Give m(6).
8
Let t(a) = a**3 - 4*a**2 + 3*a - 6. Let k be -7 + 23 + -7 - 5. Determine t(k).
6
Let t(u) = 3*u + 2. Suppose 5*p = -1 + 16. Let y = -64 - -62. Let j be p + 0 + y + 1. Give t(j).
8
Let x(f) be the second derivative of f**4/12 + 3*f**2/2 - 7*f. Let d = -5 - -9. Suppose -d*v = -2*t, 3*v = -v. Give x(t).
3
Let c(m) = -2*m + 34. Let h be c(11). Let u be (-15)/90 + (-58)/h. Let t(p) = 2*p - 3. Calculate t(u).
-13
Let r(f) be the first derivative of -f**3 - 2*f**2 + 3*f + 71. Calculate r(2).
-17
Let d(m) = -m**2 + 6*m + 8. Let a(i) = -13 + 91*i - i**3 - 5*i**2 - 87*i + 2*i**3. Let u be a(5). Calculate d(u).
1
Let g(z) = z**2 - z + 1. Let a(l) = -5*l**2 + 4*l - 2. Let r(y) = a(y) + 6*g(y). Give r(4).
12
Let t = 1030 + -1027. Let m(l) = -2*l**2 - l + 10. Determine m(t).
-11
Let j(m) = -m**2 - 5*m + 8. Let w(c) = c**3 - 19*c**2 - 19*c - 26. Let l = 114 + -94. Let u be w(l). What is j(u)?
2
Let n(w) = w**2 + 6*w. Let g be ((-14)/(-2))/(-1) + -14. Let v be (-138)/8 - 1/(-4). Let f = g - v. Calculate n(f).
-8
Let f(x) = 2*x**2 - x. Let i(l) = 3*l + 1. Let n be i(1). Suppose n*o = -3*o - 7. Give f(o).
3
Let p(c) = -2*c + 227 - 674 + 228 + 223. What is p(9)?
-14
Suppose -6*r = 3*r + 45. Let m(p) be the second derivative of p**4/12 + p**3 + 7*p**2/2 - 3*p. What is m(r)?
2
Let g(a) be the second derivative of -a**5/20 - 5*a**4/6 - a**3/6 - a**2/2 - 87*a - 3. Determine g(-10).
9
Let m(o) = -o**2 - 5*o - 3. Let r be (-420)/10*(38/(-14) - -1). Suppose 50 = -5*u - 4*t + 2*t, 2*t - 40 = 4*u. Let f be (r/60)/(3/u). Determine m(f).
1
Let l(t) = -4 - 3 + 3 + 4 + 6*t + 2. Give l(3).
20
Suppose -2*t - j = -4 + 7, 5*j = t - 26. Let h be (-5)/((2/t)/(-2)). Let n(k) = 7*k**3 - 1 - 2*k**3 + h*k - k**2 - 6*k. Determine n(-1).
-6
Let s(a) = -11*a**2 + 9*a + 11. Let y(v) = -7*v**2 + 6*v + 7. Let c(x) = -5*s(x) + 8*y(x). Let g = -2 + 5. Give c(g).
1
Let z(x) = -23*x + 43. Let d be z(2). Let r(h) = h**3 + 2*h**2 - 9*h - 6. What is r(d)?
12
Let x(d) = -2*d + 1. Suppose -5*p = t - 20, p + 4 - 12 = -t. Give x(p).
-5
Let j(g) = -6*g + 3. Let k(s) = -14*s + 5. Let i(q) = -5*j(q) + 2*k(q). Determine i(-3).
-11
Let w(p) = -3*p**2 - 9*p - 4. Let m(j) = -13*j**2 - 41*j - 17. Let f(d) = 2*m(d) - 9*w(d). What is f(3)?
8
Let o(a) = a**2 + 69*a + 317. Let m be o(-64). Let b(d) = -2 + d**3 + 0*d**2 + 2*d**2 - 4*d - d. Calculate b(m).
4
Let u(h) be the second derivative of -h**5/20 - h**4/6 - h**3/6 + h**2 - h. Suppose 50 = 89*d - 127 - 1. Give u(d).
-16
Let l(j) = 20*j + 12. Let h be l(-1). Let f(w) = -3*w - 5*w**2 + 4*w**2 - 1 - 5*w. Determine f(h).
-1
Let m(r) = -2*r + 420*r**2 - r**3 + 2 - 840*r**2 + 418*r**2. What is m(-2)?
6
Let z(p) = p**2 - 8*p + 6. Let x(c) = -c**2 + 9*c - 7. Let m(u) = -6*x(u) - 7*z(u). Suppose -3*i = 3*a - 5*i + 10, a - i + 4 = 0. Determine m(a).
-8
Let g = -8 - -12. Let d(p) = -p - 3. Suppose -x + 6*x - 30 = 0. Let y(c) = -c - 4. Let j(v) = x*d(v) - 5*y(v). Determine j(g).
-2
Let m(h) be the third derivative of 1/6*h**3 + 3*h**2 + 0*h + 0 - 1/6*h**4 + 1/60*h**5. Determine m(4).
1
Let m(i) = -i**2 - 3*i + 6. Suppose -5*t - 10 = 25. What is m(t)?
-22
Suppose 3*f + 4*w + w - 38 = 0, -f + 22 = 4*w. Let d be (-22)/(-6) + (-4)/f. Let s(y) = -5 + d + 3 - y. What i